ppose -2*w - w = -m. What is the remainder when 37 is divided by w?
7
Let a be -4 + (2 - (-4 + -1)). Suppose -2*f = a*f - 120. Calculate the remainder when 69 is divided by f.
21
Let b(f) = -f**3 + 11*f**2 - 6*f - 5. Calculate the remainder when b(10) is divided by 9.
8
Let y(l) = -l**2 - 22*l - 34. What is the remainder when y(-13) is divided by 11?
6
Suppose -4*k = -2*u - 72, 4*k - 21*u + 18*u - 74 = 0. What is the remainder when 27 is divided by k?
10
Suppose -3*w - 12 = 0, 0*w - 4*w + 59 = 5*f. Suppose -10 = -2*b, 3*b = -q + 16 + 15. Suppose 14*n - q*n = -116. Calculate the remainder when n is divided by f.
13
Suppose -10*p + 9*p + 237 = 0. Calculate the remainder when p is divided by 22.
17
Suppose 4*v - 66 = -2*v. What is the remainder when 70 is divided by -2 + (v - (-1 - 2))?
10
Suppose 10*u = 6*u + 20. Suppose 4*w + n - 371 + 40 = 0, 2*n = 3*w - 262. Suppose u*l + 4 = w. What is the remainder when l is divided by 6?
4
Let l = 28 + 71. Suppose 3*y + 12 = l. What is the remainder when 143 is divided by y?
27
Let x be 2/(1/(12/6)). Let n(y) = -y**2 + 7*y - 4. What is the remainder when 70 is divided by n(x)?
6
Let u(k) = -k**2 + 8*k - 2. Let a be u(5). Let o(r) = -r**3 + 12*r**2 + 12*r + 16. What is the remainder when o(a) is divided by 1?
0
Suppose -10*i + 7*i + 12 = 0. Suppose i = -3*n - 98. Let w = -19 - n. What is the remainder when 58 is divided by w?
13
Suppose 4*z - 2*z = 70. Suppose -3*k + 417 = -3*p, -4*k - 4*p + 486 + 62 = 0. What is the remainder when k is divided by z?
33
Suppose 0 = -7*i - 9*i + 224. Calculate the remainder when i is divided by 4.
2
Suppose -33*g + 848 = -373. Calculate the remainder when 92 is divided by g.
18
Let v(m) = -m**3 + 3*m**2 + 7*m + 9. Let j(o) = -o**3 + 4*o**2 + 8*o + 10. Let w(z) = -5*j(z) + 6*v(z). Calculate the remainder when 26 is divided by w(-3).
5
Let f(j) = j**2 - 2*j + 6. Let d(w) = w**3 + 6*w**2 + 7*w + 4. Let l be d(-5). Calculate the remainder when f(5) is divided by l/(-5)*40/6.
5
What is the remainder when 187 is divided by 6/(-33) + (-20102)/(-209)?
91
Let l = 2322 - 2194. Calculate the remainder when 2814 is divided by l.
126
Suppose 29 = -5*x + 124. Let i = x - 10. What is the remainder when i is divided by 7?
2
Calculate the remainder when (-30 + 31)/((-2)/(-94)) is divided by 16.
15
Let y = -3 + 5. Suppose 875*r - 408 = 444*r + 414*r. What is the remainder when r is divided by y?
0
Let j be (0/(-1 + 4))/(-2). Suppose 0 = -3*p - 4*u + 54, j = -5*p - u - 4*u + 90. Calculate the remainder when 69 is divided by p.
15
Let p(b) = -b**2 + 18*b - 17. Let y be p(17). Suppose v - 2 - 61 = y. What is the remainder when v is divided by 33?
30
Let h(m) = -2*m**2 + 23*m. Let u(c) = 6*c**2 - 68*c. Let z(s) = -11*h(s) - 4*u(s). What is the remainder when 89 is divided by z(8)?
17
Suppose -3*y = 2*r - 75, 4*r + 2*y - 4*y = 174. Calculate the remainder when 459 is divided by r.
39
Let g(i) = -i**2 - 5*i + 8. Let x be g(-6). What is the remainder when ((-152)/6)/(4 - (-42)/(-9)) is divided by (x/6)/(1/39)?
12
Let c(v) = -8*v + 124. Calculate the remainder when 34 is divided by c(13).
14
Let z = -3 - -13. What is the remainder when 16/(-4) + -2 - (-34)/2 is divided by z?
1
Let q(w) = 7*w + 35. Let r be q(-9). Let z = 30 + r. What is the remainder when 9 is divided by z?
1
What is the remainder when 28 is divided by 21*((-1)/(-12))/(1/4)?
0
What is the remainder when 24 is divided by (900/(-250))/(7/(-5) - -1)?
6
Let n(x) = -x**2 + 14*x + 142. Calculate the remainder when n(19) is divided by 9.
2
Let t(y) = 3*y**2 + 16*y - 2. Let g be t(-9). Suppose -4*a - 5*h = -g + 256, -160 = 4*a + 4*h. Let j = a - -63. What is the remainder when j is divided by 12?
10
Let s(u) = 4*u + 6. Let b be s(-1). What is the remainder when ((-1)/b)/((-6)/792) is divided by 34?
32
Suppose -12*i = -17*i. Suppose i*n - 2*f - 14 = -2*n, 0 = -3*f + 6. Calculate the remainder when (-1)/((-3)/39) + 2 is divided by n.
6
Let w(k) = -6*k - 6. Suppose 21 + 19 = -5*o. Let x be w(o). Let i = -28 + x. Calculate the remainder when 54 is divided by i.
12
Suppose 84 = 10*l - 16. Calculate the remainder when 39 is divided by l.
9
Let s = 89 + -61. Suppose 26*t = s*t - 26. Calculate the remainder when t is divided by 3.
1
Suppose -105*r + 100*r + 3224 = 2*s, -3*s = 3*r - 4845. Calculate the remainder when s is divided by 10.
7
Suppose -2 = 4*z - 3*z. Let n(v) = -v + 1. Suppose 35 + 136 = 19*d. Calculate the remainder when d is divided by n(z).
0
Let g be (((-4)/(-3))/(-2))/((-2)/15). Suppose -g*t - 3*c = -126, -2*t - 2*t + 100 = 2*c. What is the remainder when 68 is divided by t?
20
Suppose -u + 13 = 4*h - 18, u + 41 = 5*h. Let w = 0 + h. Let y = 16 - w. What is the remainder when 15 is divided by y?
7
Let b = -77 + 6. Let l = b - -100. What is the remainder when l is divided by 8 + (-15)/((-60)/32)?
13
Let o(s) = -3*s - 8. Let z be 7/2*4/7. Suppose 7 + z = 3*i. Calculate the remainder when o(-6) is divided by i.
1
Suppose -130*i - 22 = -131*i. What is the remainder when 80 is divided by i?
14
Let l be (9/9)/(2/(-70)). What is the remainder when 40 is divided by (96/80)/((-2)/l)?
19
Let r = 89 - 45. Calculate the remainder when 250 is divided by r.
30
Let p(z) = 3*z**2 + 18*z + 67. What is the remainder when 465 is divided by p(-5)?
49
Suppose 2*u + 6*q = 3*q + 171, 3*q = -9. Let z(i) = -i**2 + 16*i - 9. Calculate the remainder when u is divided by z(11).
44
Suppose 0*c + 4*c + 4*n + 124 = 0, c - n + 39 = 0. What is the remainder when 0 + 10/c + (-1152)/(-14) is divided by 21?
19
Let m = -5 - -15. Suppose 2*a + 28 + 30 = 2*z, 44 = 2*z + 5*a. What is the remainder when z is divided by m?
7
Let b(s) = s**3 + 3*s**2 + 25. What is the remainder when 2600 is divided by b(-4)?
8
Let k(a) = a**3 + 3*a**2 - a + 1. Let s be k(-3). Suppose 3*y + 3*p + 1 = 28, s*p = 20. What is the remainder when (4 + 105/(-10))*-2 is divided by y?
1
Suppose -698 = 54*j - 4532. What is the remainder when j is divided by 4?
3
Calculate the remainder when (-5)/(40/(-6966)) + (-22)/(-88) is divided by 109.
108
Let o(w) = -29*w**3 - w**2 - w - 1. Let q be o(-1). Suppose -2*u + q = 3*l, 4*l + 4*u - 7*u = 60. Calculate the remainder when l is divided by 5.
2
Let u be (7 - 2) + (1 - 2). Suppose -2*f + 99 = v, u*v + 3*f = 4*f + 432. Calculate the remainder when v is divided by 6.
5
Suppose 11*m = -0*m + 33. Suppose m*h = 7*h - 60. Let z(i) = 6*i - 2. Calculate the remainder when z(5) is divided by h.
13
Let l(s) = -507*s**3 - 4*s**2 + 2. What is the remainder when l(-1) is divided by 34?
29
Let u = 454 - 442. Calculate the remainder when 443 is divided by u.
11
What is the remainder when (-1 - (3 - 12))*16 is divided by 19?
14
Let w = 975 + -942. Calculate the remainder when w is divided by 8.
1
Let t(f) = 2*f**2 + 4*f - 9. Let c(m) = m**3 + 3*m**2 - 2*m - 2. Let z be c(-4). What is the remainder when t(z) is divided by 31?
27
Let g(k) = -11*k - 44. What is the remainder when g(-11) is divided by 20?
17
Suppose -33*m + 13109 + 7285 = 0. Calculate the remainder when m is divided by 10.
8
Suppose w - 5*a = 4 - 1, 0 = 2*w - 2*a - 14. Let y = 11 - w. Suppose 2*r + 54 = c + 2*c, 3*r - 39 = -y*c. Calculate the remainder when c is divided by 6.
4
Let u be -8 + (-3 - (-5 + 4)). Let v(i) = -i**3 - 10*i**2 - 3*i - 13. Calculate the remainder when v(u) is divided by 11.
6
Suppose -z + x = -7, 0 = 4*z + x - 6*x - 29. Suppose -5*f + 20 = d, 2*f - z*f = -5*d + 129. What is the remainder when 73 is divided by d?
23
Let b = 57 - 14. Suppose -b = -3*a + 4*g, -20 = -5*a + 5*g + 45. What is the remainder when 32 is divided by a?
5
Let q = -378 - -389. Let m = 156 - 105. Calculate the remainder when m is divided by q.
7
What is the remainder when ((-1863)/(-828))/(2 - 135/68) is divided by 111?
42
Suppose 27*c = 1066 - 364. Suppose 5*l = -0*b + 3*b + 48, 5*l - 5*b = 50. What is the remainder when c is divided by l?
8
Calculate the remainder when (-12 - -14)*(21/2 - -2) is divided by 4.
1
Let c(a) = -89*a**3 - 2*a**2 - a. Suppose -3*y = -4 + 7. Calculate the remainder when c(y) is divided by 23.
19
Let j(v) = v**2 + 14*v + 42. Suppose -4*m = -8 + 60. Suppose u - 14 = -6. What is the remainder when j(m) is divided by u?
5
Calculate the remainder when ((-178)/(-6))/((-4)/(-48)*4) is divided 